ulate the remainder when 761 is divided by 691.
70
Calculate the remainder when 14317 is divided by 14185.
132
Calculate the remainder when 719010 is divided by 5447.
6
What is the remainder when 53988 is divided by 28?
4
Calculate the remainder when 8025 is divided by 2515.
480
Calculate the remainder when 471597 is divided by 120.
117
What is the remainder when 28878 is divided by 39?
18
What is the remainder when 21527 is divided by 487?
99
What is the remainder when 96933 is divided by 59?
55
What is the remainder when 8525 is divided by 4259?
7
Calculate the remainder when 4093 is divided by 524.
425
Calculate the remainder when 9139 is divided by 9125.
14
Calculate the remainder when 79001 is divided by 189.
188
Calculate the remainder when 855 is divided by 46.
27
What is the remainder when 80511 is divided by 148?
147
Calculate the remainder when 114461 is divided by 1022.
1019
Calculate the remainder when 3915 is divided by 533.
184
Calculate the remainder when 2132293 is divided by 55.
53
What is the remainder when 1687 is divided by 76?
15
Calculate the remainder when 16896 is divided by 289.
134
Calculate the remainder when 13595 is divided by 1000.
595
What is the remainder when 199 is divided by 19?
9
What is the remainder when 26577 is divided by 118?
27
What is the remainder when 17644 is divided by 111?
106
What is the remainder when 21049 is divided by 188?
181
What is the remainder when 64 is divided by 34?
30
Calculate the remainder when 62383 is divided by 150.
133
What is the remainder when 2382 is divided by 2201?
181
Calculate the remainder when 48489 is divided by 373.
372
Calculate the remainder when 309250 is divided by 172.
166
What is the remainder when 14950280 is divided by 551?
548
What is the remainder when 5053 is divided by 5043?
10
Calculate the remainder when 183 is divided by 85.
13
Calculate the remainder when 18697 is divided by 167.
160
What is the remainder when 6381 is divided by 15?
6
What is the remainder when 726 is divided by 117?
24
Calculate the remainder when 1536 is divided by 29.
28
What is the remainder when 2094 is divided by 951?
192
What is the remainder when 2469 is divided by 349?
26
Calculate the remainder when 536205 is divided by 14110.
25
What is the remainder when 717 is divided by 137?
32
Calculate the remainder when 8008 is divided by 90.
88
Calculate the remainder when 95965 is divided by 1301.
992
Calculate the remainder when 2671 is divided by 7.
4
Calculate the remainder when 8351 is divided by 4111.
129
Calculate the remainder when 4837 is divided by 202.
191
What is the remainder when 1347 is divided by 285?
207
What is the remainder when 858 is divided by 423?
12
Calculate the remainder when 354 is divided by 172.
10
What is the remainder when 134973 is divided by 434?
433
Calculate the remainder when 1571 is divided by 10.
1
What is the remainder when 3088 is divided by 3068?
20
Calculate the remainder when 17872 is divided by 1996.
1904
What is the remainder when 10244 is divided by 5111?
22
Calculate the remainder when 258058 is divided by 421.
406
What is the remainder when 492766 is divided by 531?
529
Calculate the remainder when 732 is divided by 35.
32
What is the remainder when 7953281 is divided by 197?
194
Calculate the remainder when 1254869 is divided by 620.
609
What is the remainder when 28548 is divided by 2378?
12
Calculate the remainder when 81925 is divided by 9.
7
Calculate the remainder when 875 is divided by 77.
28
What is the remainder when 18528 is divided by 70?
48
Calculate the remainder when 94305 is divided by 192.
33
Calculate the remainder when 7026 is divided by 161.
103
Calculate the remainder when 1346 is divided by 453.
440
Calculate the remainder when 48905 is divided by 24444.
17
What is the remainder when 96 is divided by 63?
33
Calculate the remainder when 3612 is divided by 828.
300
Calculate the remainder when 29679 is divided by 316.
291
Calculate the remainder when 313 is divided by 146.
21
What is the remainder when 7212 is divided by 44?
40
Calculate the remainder when 528735 is divided by 61.
48
What is the remainder when 3831 is divided by 588?
303
What is the remainder when 6154 is divided by 2049?
7
What is the remainder when 411640 is divided by 693?
691
What is the remainder when 3944029 is divided by 16?
13
Calculate the remainder when 460 is divided by 188.
84
What is the remainder when 8036 is divided by 19?
18
Calculate the remainder when 3325 is divided by 581.
420
What is the remainder when 11652 is divided by 82?
8
Calculate the remainder when 202111 is divided by 202106.
5
What is the remainder when 4698 is divided by 4617?
81
Calculate the remainder when 38518 is divided by 241.
199
What is the remainder when 5887 is divided by 536?
527
What is the remainder when 5206 is divided by 609?
334
Calculate the remainder when 141167 is divided by 519.
518
Calculate the remainder when 5737 is divided by 1016.
657
What is the remainder when 820378 is divided by 484?
482
Calculate the remainder when 90299 is divided by 31.
27
What is the remainder when 86264 is divided by 237?
233
What is the remainder when 982 is divided by 55?
47
What is the remainder when 6529 is divided by 76?
69
What is the remainder when 6175 is divided by 1190?
225
What is the remainder when 15885 is divided by 212?
197
What is the remainder when 24167 is divided by 76?
75
Calculate the remainder when 3056 is divided by 638.
504
What is the remainder when 262370 is divided by 5962?
42
What is the remainder when 29540 is divided by 9826?
62
Calculate the remainder when 42838 is divided by 3537.
394
Calculate the remainder when 3626 is divided by 18.
8
Calculate the remainder when 3462 is divided by 68.
62
Calculate the remainder when 7233 is divided by 3609.
15
Calculate the remainder when 10273 is divided by 11.
10
Calculate the remainder when 8848 is divided by 145.
3
What is the remainder when 8027 is divided by 2671?
14
What is the remainder when 2044 is divided by 167?
40
What is the remainder when 14612 is divided by 64?
20
What is the remainder when 5055 is divided by 2449?
157
What is the remainder when 29373 is divided by 125?
123
Calculate the remainder when 8459 is divided by 365.
64
What is the remainder when 6832 is divided by 17?
15
What is the remainder when 240702 is divided by 15?
12
Calculate the remainder when 25583 is divided by 12788.
7
Calculate the remainder when 42411 is divided by 499.
495
Calculate the remainder when 310553 is divided by 665.
663
Calculate the remainder when 15144 is divided by 1150.
194
Calculate the remainder when 23101 is divided by 5669.
425
What is the remainder when 68044 is divided by 1153?
17
What is the remainder when 59180 is divided by 1599?
17
What is the remainder when 16802 is divided by 73?
12
Calculate the remainder when 4628 is divided by 2285.
58
Calculate the remainder when 293 is divided by 116.
61
What is the remainder when 1198 is divided by 148?
14
Calculate the remainder when 8778 is divided by 2650.
828
Calculate the remainder when 4761 is divided by 4655.
106
What is the remainder when 75226 is divided by 99?
85
What is the remainder when 6638 is divided by 219?
68
Calculate the remainder when 357 is divided by 93.
78
Calculate the remainder when 6498 is divided by 541.
6
Calculate the remainder when 4325 is divided by 821.
220
Calculate the remainder when 12276 is divided by 39.
30
What is the remainder when 2172 is divided by 100?
72
What is the remainder when 166076 is divided by 7?
1
Calculate the remainder when 1363800 is divided by 9.
3
What is the remainder when 615 is divided by 324?
291
What is the remainder when 24637 is divided by 616?
613
What is the remainder when 7051 is divided by 141?
1
Calculate the remainder when 18085 is divided by 1380.
145
Calculate the remainder when 11326 is divided by 3488.
862
Calculate the remainder when 3181 is divided by 100.
81
What is the remainder when 23430 is divided by 18?
12
What is the remainder when 25103 is divided by 474?
455
Calculate the remainder when 2983 is divided by 35.
8
What is the remainder when 791588 is divided by 207?
20
What is the remainder when 55706 is divided by 90?
86
What is the remainder when 6257 is div